{"id":9111,"date":"2022-04-11T13:50:09","date_gmt":"2022-04-11T11:50:09","guid":{"rendered":"https:\/\/ifnm.de\/blog\/?page_id=9111"},"modified":"2026-01-08T17:15:15","modified_gmt":"2026-01-08T15:15:15","slug":"anschubfinanzierung","status":"publish","type":"page","link":"https:\/\/ifnm.de\/blog\/schuelerzeitung\/anschubfinanzierung\/","title":{"rendered":"Anschubfinanzierung"},"content":{"rendered":"<p><div class=\"fusion-fullwidth fullwidth-box fusion-builder-row-1 fusion-flex-container nonhundred-percent-fullwidth non-hundred-percent-height-scrolling\" style=\"background-color: rgba(255,255,255,0);background-position: center center;background-repeat: no-repeat;border-width: 0px 0px 0px 0px;border-color:#eae9e9;border-style:solid;\" ><div class=\"fusion-builder-row fusion-row fusion-flex-align-items-flex-start\" style=\"max-width:1206.4px;margin-left: calc(-4% \/ 2 );margin-right: calc(-4% \/ 2 );\"><div class=\"fusion-layout-column fusion_builder_column fusion-builder-column-0 fusion_builder_column_1_1 1_1 fusion-flex-column\"><div class=\"fusion-column-wrapper fusion-flex-justify-content-flex-start fusion-content-layout-column\" style=\"background-position:left top;background-repeat:no-repeat;-webkit-background-size:cover;-moz-background-size:cover;-o-background-size:cover;background-size:cover;padding: 0px 0px 0px 0px;\"><style type=\"text\/css\">@media only screen and (max-width:1024px) {.fusion-title.fusion-title-1{margin-top:0px!important; margin-right:0px!important;margin-bottom:30px!important;margin-left:0px!important;}}@media only screen and (max-width:640px) {.fusion-title.fusion-title-1{margin-top:0px!important; margin-right:0px!important;margin-bottom:20px!important; margin-left:0px!important;}}<\/style><div class=\"fusion-title title fusion-title-1 fusion-sep-none fusion-title-text fusion-title-size-one\" style=\"margin-top:0px;margin-right:0px;margin-bottom:30px;margin-left:0px;\"><h1 class=\"title-heading-left\" style=\"margin:0;\"><h2>Anschubfinanzierung f\u00fcr Sch\u00fclerzeitungen<\/h2><\/h1><\/div><div class=\"fusion-text fusion-text-1\"><p><strong>Ihr m\u00f6chtet eine Sch\u00fclerzeitung gr\u00fcnden, aber wisst nicht so recht, wie und womit ihr das tun sollt?<\/strong><\/p>\n<p>Mit unserer Anschubfinanzierung m\u00f6chten wir euch bei eurer Redaktionsorganisation, dem Vertrieb und der \u00d6ffentlichkeitsarbeit von Sch\u00fclerzeitungen unterst\u00fctzen.<\/p>\n<p>Dazu k\u00f6nnen geh\u00f6ren:<\/p>\n<ul>\n<li><strong>technische Ausstattung<\/strong> (Laptop, Tablet, Drucker, Kamera, Aufnahmeger\u00e4t, Software usw., soweit ben\u00f6tigt)<\/li>\n<li><strong>Druckkosten<\/strong> von Sch\u00fclerzeitungen<\/li>\n<li>Kosten f\u00fcr <strong>Redaktionssitzungen<\/strong><\/li>\n<li>Kosten f\u00fcr ein <strong>Redaktionswochenende<\/strong> f\u00fcr Sch\u00fclerzeitungen (Fahrtkosten, Unterkunft und Verpflegung)<\/li>\n<li><strong>Honorare<\/strong> f\u00fcr beratende Journalist:innen oder Medienp\u00e4dagog:innen<\/li>\n<\/ul>\n<p>Mit Mitteln des Ministeriums f\u00fcr Wissenschaft, Kultur, Bundes- und Europaangelegenheiten MV sollen Sch\u00fclerzeitungsredaktionen aller Schultypen&nbsp;aus Mecklenburg-Vorpommern gef\u00f6rdert werden, die f\u00fcr die oben genannten Zwecke Gelder ben\u00f6tigen.<\/p>\n<p>Nach einem Beratungsgespr\u00e4ch&nbsp;mit Cornelia Eigler von der LiSZ f\u00fcllt einfach unseren <a href=\"https:\/\/ifnm.de\/blog\/wp-content\/uploads\/2026\/01\/Antrag-Schuelerzeitung_Anschub2026-2.pdf\" target=\"_blank\" rel=\"noopener\"><strong>Antrag<\/strong><\/a> aus. Dieser muss mit dem beigef\u00fcgten Antragsformular per Briefpost oder elektronisch eingegangen sein.<\/p>\n<p>Wenn Sch\u00fclerzeitungsredaktionen f\u00fcr eine Anschubfinanzierung ber\u00fccksichtigt werden, m\u00fcssen sie die Mittel bis zum 30. November des Jahres der Bewilligung verwenden. Der Nachweis der Verwendung muss jedoch erst zum 27. bzw. 28. Februar des Folgejahres erfolgen.<\/p>\n<p><strong>Antr\u00e4ge<\/strong> k\u00f6nnen an die E-Mail-Adresse an e&#105;&#103;&#x6c;&#x65;&#x72;&#64;&#105;&#102;&#x6e;&#x6d;&#x2e;de geschickt werden oder per Post an die Medienwerkstatt am Institut f\u00fcr neue Medien, Cornelia Eigler, Friedrichstra\u00dfe 23, 18057 Rostock, 0381 2035442.<\/p>\n<p><a href=\"https:\/\/ifnm.de\/blog\/wp-content\/uploads\/2026\/01\/Antrag-Schuelerzeitung_Anschub2026-2.pdf\" target=\"_blank\" rel=\"noopener\"><div class=\"fusion-button-wrapper\"><style type=\"text\/css\">.fusion-button.button-1 {border-radius:0px;}<\/style><a class=\"fusion-button button-flat fusion-button-default-size button-default button-1 fusion-button-default-span fusion-button-default-type\" target=\"_blank\" rel=\"noopener noreferrer\" href=\"https:\/\/ifnm.de\/blog\/wp-content\/uploads\/2026\/01\/Antrag-Schuelerzeitung_Anschub2026-2.pdf\"><span class=\"fusion-button-text\">Antrag Anschubfinanzierung<\/span><\/a><\/div><\/a><\/p>\n<div class=\"fusion-button-wrapper\"><style type=\"text\/css\">.fusion-button.button-2 {border-radius:0px;}<\/style><a class=\"fusion-button button-flat fusion-button-default-size button-default button-2 fusion-button-default-span fusion-button-default-type\" target=\"_blank\" rel=\"noopener noreferrer\" href=\"https:\/\/ifnm.de\/blog\/wp-content\/uploads\/2026\/01\/Ausschreibung-Anschubfinanzierung-Schuelerzeitungen_2025.pdf\"><span class=\"fusion-button-text\">Ausschreibungsunterlagen<\/span><\/a><\/div>\n<p><strong>Klingt gut? Meldet euch gern jederzeit bei mir:<\/strong><\/p>\n<\/div><ul class=\"fusion-checklist fusion-checklist-1\" style=\"font-size:14px;line-height:23.8px;\"><li class=\"fusion-li-item\"><span style=\"background-color:#a0ce4e;font-size:12.32px;height:23.8px;width:23.8px;margin-right:9.8px;\" class=\"icon-wrapper circle-yes\"><i class=\"fusion-li-icon fa-user fas\" style=\"color:#ffffff;\" aria-hidden=\"true\"><\/i><\/span><div class=\"fusion-li-item-content\" style=\"margin-left:33.6px;\">\n<p>Cornelia Eigler<\/p>\n<\/div><\/li><li class=\"fusion-li-item\"><span style=\"background-color:#a0ce4e;font-size:12.32px;height:23.8px;width:23.8px;margin-right:9.8px;\" class=\"icon-wrapper circle-yes\"><i class=\"fusion-li-icon fa-envelope fas\" style=\"color:#ffffff;\" aria-hidden=\"true\"><\/i><\/span><div class=\"fusion-li-item-content\" style=\"margin-left:33.6px;\">\n<p>&#x65;&#x69;&#x67;&#x6c;&#101;&#114;&#64;&#105;fnm&#x2e;&#x64;&#x65;<\/p>\n<\/div><\/li><li class=\"fusion-li-item\"><span style=\"background-color:#a0ce4e;font-size:12.32px;height:23.8px;width:23.8px;margin-right:9.8px;\" class=\"icon-wrapper circle-yes\"><i class=\"fusion-li-icon fa-briefcase fas\" style=\"color:#ffffff;\" aria-hidden=\"true\"><\/i><\/span><div class=\"fusion-li-item-content\" style=\"margin-left:33.6px;\">\n<p>0381 2035442<\/p>\n<\/div><\/li><li class=\"fusion-li-item\"><span style=\"background-color:#a0ce4e;font-size:12.32px;height:23.8px;width:23.8px;margin-right:9.8px;\" class=\"icon-wrapper circle-yes\"><i class=\"fusion-li-icon fa-mobile-alt fas\" style=\"color:#ffffff;\" aria-hidden=\"true\"><\/i><\/span><div class=\"fusion-li-item-content\" style=\"margin-left:33.6px;\">\n<p>0176 58231443<\/p>\n<\/div><\/li><\/ul><\/div><style type=\"text\/css\">.fusion-body .fusion-builder-column-0{width:100% !important;margin-top : 0px;margin-bottom : 20px;}.fusion-builder-column-0 > .fusion-column-wrapper {padding-top : 0px !important;padding-right : 0px !important;margin-right : 1.92%;padding-bottom : 0px !important;padding-left : 0px !important;margin-left : 1.92%;}@media only screen and (max-width:1024px) {.fusion-body .fusion-builder-column-0{width:100% !important;order : 0;}.fusion-builder-column-0 > .fusion-column-wrapper {margin-right : 1.92%;margin-left : 1.92%;}}@media only screen and (max-width:640px) {.fusion-body .fusion-builder-column-0{width:100% !important;order : 0;}.fusion-builder-column-0 > .fusion-column-wrapper {margin-right : 1.92%;margin-left : 1.92%;}}<\/style><\/div><\/div><style type=\"text\/css\">.fusion-body .fusion-flex-container.fusion-builder-row-1{ padding-top : 0px;margin-top : 0px;padding-right : 0px;padding-bottom : 0px;margin-bottom : 0px;padding-left : 0px;}<\/style><\/div><div class=\"fusion-fullwidth fullwidth-box fusion-builder-row-2 fusion-flex-container nonhundred-percent-fullwidth non-hundred-percent-height-scrolling\" style=\"background-color: rgba(255,255,255,0);background-position: center center;background-repeat: no-repeat;border-width: 0px 0px 0px 0px;border-color:#eae9e9;border-style:solid;\" ><div class=\"fusion-builder-row fusion-row fusion-flex-align-items-flex-start\" style=\"max-width:1206.4px;margin-left: calc(-4% \/ 2 );margin-right: calc(-4% \/ 2 );\"><div class=\"fusion-layout-column fusion_builder_column fusion-builder-column-1 fusion_builder_column_1_2 1_2 fusion-flex-column\"><div class=\"fusion-column-wrapper fusion-flex-justify-content-flex-start fusion-content-layout-column\" style=\"background-position:left top;background-repeat:no-repeat;-webkit-background-size:cover;-moz-background-size:cover;-o-background-size:cover;background-size:cover;padding: 0px 0px 0px 0px;\"><\/div><style type=\"text\/css\">.fusion-body .fusion-builder-column-1{width:50% !important;margin-top : 0px;margin-bottom : 20px;}.fusion-builder-column-1 > .fusion-column-wrapper {padding-top : 0px !important;padding-right : 0px !important;margin-right : 3.84%;padding-bottom : 0px !important;padding-left : 0px !important;margin-left : 3.84%;}@media only screen and (max-width:1024px) {.fusion-body .fusion-builder-column-1{width:100% !important;order : 0;}.fusion-builder-column-1 > .fusion-column-wrapper {margin-right : 1.92%;margin-left : 1.92%;}}@media only screen and (max-width:640px) {.fusion-body .fusion-builder-column-1{width:100% !important;order : 0;}.fusion-builder-column-1 > .fusion-column-wrapper {margin-right : 1.92%;margin-left : 1.92%;}}<\/style><\/div><div class=\"fusion-layout-column fusion_builder_column fusion-builder-column-2 fusion_builder_column_1_2 1_2 fusion-flex-column\"><div class=\"fusion-column-wrapper fusion-flex-justify-content-flex-start fusion-content-layout-column\" style=\"background-position:left top;background-repeat:no-repeat;-webkit-background-size:cover;-moz-background-size:cover;-o-background-size:cover;background-size:cover;padding: 0px 0px 0px 0px;\"><\/div><style type=\"text\/css\">.fusion-body .fusion-builder-column-2{width:50% !important;margin-top : 0px;margin-bottom : 20px;}.fusion-builder-column-2 > .fusion-column-wrapper {padding-top : 0px !important;padding-right : 0px !important;margin-right : 3.84%;padding-bottom : 0px !important;padding-left : 0px !important;margin-left : 3.84%;}@media only screen and (max-width:1024px) {.fusion-body .fusion-builder-column-2{width:100% !important;order : 0;}.fusion-builder-column-2 > .fusion-column-wrapper {margin-right : 1.92%;margin-left : 1.92%;}}@media only screen and (max-width:640px) {.fusion-body .fusion-builder-column-2{width:100% !important;order : 0;}.fusion-builder-column-2 > .fusion-column-wrapper {margin-right : 1.92%;margin-left : 1.92%;}}<\/style><\/div><\/div><style type=\"text\/css\">.fusion-body .fusion-flex-container.fusion-builder-row-2{ padding-top : 0px;margin-top : 0px;padding-right : 0px;padding-bottom : 0px;margin-bottom : 0px;padding-left : 0px;}<\/style><\/div><\/p>\n","protected":false},"excerpt":{"rendered":"","protected":false},"author":15,"featured_media":0,"parent":9106,"menu_order":0,"comment_status":"closed","ping_status":"closed","template":"","meta":{"om_disable_all_campaigns":false,"inline_featured_image":false,"_mi_skip_tracking":false,"_monsterinsights_sitenote_active":false,"_monsterinsights_sitenote_note":"","_monsterinsights_sitenote_category":0,"ngg_post_thumbnail":0,"footnotes":"","_links_to":"","_links_to_target":""},"class_list":["post-9111","page","type-page","status-publish","hentry"],"yoast_head":"<!-- This site is optimized with the Yoast SEO plugin v18.5.1 - https:\/\/yoast.com\/wordpress\/plugins\/seo\/ -->\n<title>Anschubfinanzierung - institut f\u00fcr neue medien<\/title>\n<meta name=\"robots\" content=\"index, follow, max-snippet:-1, max-image-preview:large, max-video-preview:-1\" \/>\n<link rel=\"canonical\" href=\"https:\/\/ifnm.de\/blog\/schuelerzeitung\/anschubfinanzierung\/\" \/>\n<meta property=\"og:locale\" content=\"de_DE\" \/>\n<meta property=\"og:type\" content=\"article\" \/>\n<meta property=\"og:title\" content=\"Anschubfinanzierung - institut f\u00fcr neue medien\" \/>\n<meta property=\"og:url\" content=\"https:\/\/ifnm.de\/blog\/schuelerzeitung\/anschubfinanzierung\/\" \/>\n<meta property=\"og:site_name\" content=\"institut f\u00fcr neue medien\" \/>\n<meta property=\"article:modified_time\" content=\"2026-01-08T15:15:15+00:00\" \/>\n<meta name=\"twitter:label1\" content=\"Gesch\u00e4tzte Lesezeit\" \/>\n\t<meta name=\"twitter:data1\" content=\"5\u00a0Minuten\" \/>\n<script type=\"application\/ld+json\" class=\"yoast-schema-graph\">{\"@context\":\"https:\/\/schema.org\",\"@graph\":[{\"@type\":\"WebSite\",\"@id\":\"https:\/\/ifnm.de\/blog\/#website\",\"url\":\"https:\/\/ifnm.de\/blog\/\",\"name\":\"institut f\u00fcr neue medien\",\"description\":\"freie bildungsgesellschaft gGmbH\",\"potentialAction\":[{\"@type\":\"SearchAction\",\"target\":{\"@type\":\"EntryPoint\",\"urlTemplate\":\"https:\/\/ifnm.de\/blog\/?s={search_term_string}\"},\"query-input\":\"required name=search_term_string\"}],\"inLanguage\":\"de\"},{\"@type\":\"WebPage\",\"@id\":\"https:\/\/ifnm.de\/blog\/schuelerzeitung\/anschubfinanzierung\/#webpage\",\"url\":\"https:\/\/ifnm.de\/blog\/schuelerzeitung\/anschubfinanzierung\/\",\"name\":\"Anschubfinanzierung - institut f\u00fcr neue medien\",\"isPartOf\":{\"@id\":\"https:\/\/ifnm.de\/blog\/#website\"},\"datePublished\":\"2022-04-11T11:50:09+00:00\",\"dateModified\":\"2026-01-08T15:15:15+00:00\",\"breadcrumb\":{\"@id\":\"https:\/\/ifnm.de\/blog\/schuelerzeitung\/anschubfinanzierung\/#breadcrumb\"},\"inLanguage\":\"de\",\"potentialAction\":[{\"@type\":\"ReadAction\",\"target\":[\"https:\/\/ifnm.de\/blog\/schuelerzeitung\/anschubfinanzierung\/\"]}]},{\"@type\":\"BreadcrumbList\",\"@id\":\"https:\/\/ifnm.de\/blog\/schuelerzeitung\/anschubfinanzierung\/#breadcrumb\",\"itemListElement\":[{\"@type\":\"ListItem\",\"position\":1,\"name\":\"Home\",\"item\":\"https:\/\/ifnm.de\/blog\/\"},{\"@type\":\"ListItem\",\"position\":2,\"name\":\"Sch\u00fclerzeitung\",\"item\":\"https:\/\/ifnm.de\/blog\/schuelerzeitung\/\"},{\"@type\":\"ListItem\",\"position\":3,\"name\":\"Anschubfinanzierung\"}]}]}<\/script>\n<!-- \/ Yoast SEO plugin. -->","yoast_head_json":{"title":"Anschubfinanzierung - institut f\u00fcr neue medien","robots":{"index":"index","follow":"follow","max-snippet":"max-snippet:-1","max-image-preview":"max-image-preview:large","max-video-preview":"max-video-preview:-1"},"canonical":"https:\/\/ifnm.de\/blog\/schuelerzeitung\/anschubfinanzierung\/","og_locale":"de_DE","og_type":"article","og_title":"Anschubfinanzierung - institut f\u00fcr neue medien","og_url":"https:\/\/ifnm.de\/blog\/schuelerzeitung\/anschubfinanzierung\/","og_site_name":"institut f\u00fcr neue medien","article_modified_time":"2026-01-08T15:15:15+00:00","twitter_misc":{"Gesch\u00e4tzte Lesezeit":"5\u00a0Minuten"},"schema":{"@context":"https:\/\/schema.org","@graph":[{"@type":"WebSite","@id":"https:\/\/ifnm.de\/blog\/#website","url":"https:\/\/ifnm.de\/blog\/","name":"institut f\u00fcr neue medien","description":"freie bildungsgesellschaft gGmbH","potentialAction":[{"@type":"SearchAction","target":{"@type":"EntryPoint","urlTemplate":"https:\/\/ifnm.de\/blog\/?s={search_term_string}"},"query-input":"required name=search_term_string"}],"inLanguage":"de"},{"@type":"WebPage","@id":"https:\/\/ifnm.de\/blog\/schuelerzeitung\/anschubfinanzierung\/#webpage","url":"https:\/\/ifnm.de\/blog\/schuelerzeitung\/anschubfinanzierung\/","name":"Anschubfinanzierung - institut f\u00fcr neue medien","isPartOf":{"@id":"https:\/\/ifnm.de\/blog\/#website"},"datePublished":"2022-04-11T11:50:09+00:00","dateModified":"2026-01-08T15:15:15+00:00","breadcrumb":{"@id":"https:\/\/ifnm.de\/blog\/schuelerzeitung\/anschubfinanzierung\/#breadcrumb"},"inLanguage":"de","potentialAction":[{"@type":"ReadAction","target":["https:\/\/ifnm.de\/blog\/schuelerzeitung\/anschubfinanzierung\/"]}]},{"@type":"BreadcrumbList","@id":"https:\/\/ifnm.de\/blog\/schuelerzeitung\/anschubfinanzierung\/#breadcrumb","itemListElement":[{"@type":"ListItem","position":1,"name":"Home","item":"https:\/\/ifnm.de\/blog\/"},{"@type":"ListItem","position":2,"name":"Sch\u00fclerzeitung","item":"https:\/\/ifnm.de\/blog\/schuelerzeitung\/"},{"@type":"ListItem","position":3,"name":"Anschubfinanzierung"}]}]}},"_links":{"self":[{"href":"https:\/\/ifnm.de\/blog\/wp-json\/wp\/v2\/pages\/9111","targetHints":{"allow":["GET"]}}],"collection":[{"href":"https:\/\/ifnm.de\/blog\/wp-json\/wp\/v2\/pages"}],"about":[{"href":"https:\/\/ifnm.de\/blog\/wp-json\/wp\/v2\/types\/page"}],"author":[{"embeddable":true,"href":"https:\/\/ifnm.de\/blog\/wp-json\/wp\/v2\/users\/15"}],"replies":[{"embeddable":true,"href":"https:\/\/ifnm.de\/blog\/wp-json\/wp\/v2\/comments?post=9111"}],"version-history":[{"count":44,"href":"https:\/\/ifnm.de\/blog\/wp-json\/wp\/v2\/pages\/9111\/revisions"}],"predecessor-version":[{"id":11961,"href":"https:\/\/ifnm.de\/blog\/wp-json\/wp\/v2\/pages\/9111\/revisions\/11961"}],"up":[{"embeddable":true,"href":"https:\/\/ifnm.de\/blog\/wp-json\/wp\/v2\/pages\/9106"}],"wp:attachment":[{"href":"https:\/\/ifnm.de\/blog\/wp-json\/wp\/v2\/media?parent=9111"}],"curies":[{"name":"wp","href":"https:\/\/api.w.org\/{rel}","templated":true}]}}